. Is q prime?
False
Let q(t) = -4*t**2 - 8*t + 24. Let m be q(-6). Is (-19268)/(-24) - 12/m prime?
False
Let m(t) = 73*t**3 - 2*t**2 + 3*t - 5. Suppose -n + 36 = 33. Is m(n) a composite number?
True
Suppose -j + 3*o = -132583, -o = 2*j + 2*j - 530358. Is j a composite number?
False
Suppose -2*f - 2*f - 10002 = -3*g, f - 13336 = -4*g. Suppose -g - 17430 = -4*q. Is q composite?
True
Let b = -190194 - -323247. Is b prime?
False
Suppose -5*n = -3*n - 460. Suppose -42 = f + 61. Let b = n + f. Is b a prime number?
True
Suppose 1330*z = 1331*z - 1100361. Is z composite?
True
Suppose -29 = q - 4*a, -q + 38 = -3*q + 4*a. Is (-25900)/q + (-16)/(-72) a composite number?
True
Suppose -77 = -14*q - 7. Let c(z) = 2*z**2 + 4*z - 18. Let m be c(16). Suppose -g + 5*t = -m, q*g = t + 2949 - 279. Is g a composite number?
True
Let c(i) be the third derivative of -i**9/60480 - i**8/10080 + 13*i**6/720 + i**5/20 + 12*i**2. Let n(h) be the third derivative of c(h). Is n(-6) composite?
False
Suppose 5*w - 1740729 = -4*v, -14*w + 1740749 = -9*w - v. Is w a composite number?
False
Suppose 28 = p + 3. Suppose 7*i + 324 = p*i. Is 3694/i - (-16)/(-72) composite?
True
Suppose -4*p = -5*n - 71859, 241*p + n - 89860 = 236*p. Is p composite?
False
Suppose 8*b = 4*b + 96. Let p be (b/16)/((-3)/20). Let q = 104 + p. Is q a composite number?
True
Suppose 16613 = 23*r - 53192. Suppose 6*i = 6151 + r. Is i a composite number?
False
Suppose 4*u - 81855 = -t, 20 = -31*u + 36*u. Is t composite?
False
Suppose 0 = -9*i + 9523 + 75374. Let l = 13722 - i. Is l prime?
True
Let i = 17014 - -10001. Suppose -i = -139*c + 136*c. Is c prime?
False
Suppose 5*j = 657 - 272. Is 292039/j - (-2)/7 a prime number?
True
Suppose -n + 3*m + 1625 = 0, 3*m = 5*n - 8*n + 4899. Let z(v) = 659*v - 7. Let b be z(5). Let k = b - n. Is k a prime number?
True
Suppose -5*g = -11*g + 120. Suppose 12 = g*z - 14*z. Suppose 10*n - 2536 = z*n. Is n a prime number?
True
Let r(w) = w**3 - 31*w**2 - 984*w + 85. Is r(62) a composite number?
True
Let l(r) = -31*r - 348. Let h be l(-11). Let x(f) = f**2 - f. Let z(q) = -9*q**2 - q - 31. Let c(m) = -5*x(m) - z(m). Is c(h) composite?
True
Suppose -155*g - 12502326 = -39903691. Is g prime?
False
Suppose 0 = -9*i - 23*i. Suppose i*z + z - m = 14253, 0 = -m. Is z a prime number?
False
Suppose -4*b + 2 = -5*g, 3*g + b - 8 = 1. Suppose 4*v - g = 3*j, 0*j + 4 = j + v. Suppose -j*w + 630 = -704. Is w composite?
True
Suppose v = 3*v - 5*x - 1186, -3*x - 1186 = -2*v. Suppose -5*h - 2*l + 8022 = 0, -h + 3*l = -1008 - v. Let y = h + -957. Is y a prime number?
True
Let t(w) = 6*w**2 + 4*w + 4. Let c(p) = -5*p**2 - 4*p - 4. Let k(z) = -4*c(z) - 3*t(z). Let y be k(-1). Suppose -97 = -y*i + 1981. Is i a composite number?
False
Let o(u) = -3*u**2 - 15*u + 1390*u**3 + 3*u - 19 - 1484*u**3. Is o(-2) a composite number?
True
Suppose 7*k + 1288 = 3*z + 2*k, 0 = -z - k + 440. Let w = 29 - -940. Let o = w - z. Is o composite?
True
Is (1/5)/(3/(-45)*(-114)/23746846) a composite number?
False
Let k(a) = 2*a**3 - 19*a**2 - 6*a - 26. Let g be k(20). Is (g/(-8))/((-10)/40) a prime number?
True
Let g = 394 + -392. Let h(p) = 16*p**2 + 9*p - 23. Is h(g) composite?
False
Suppose 0 = -48*j + 63*j - 90. Suppose l - 3*v = 2240, -j*l + 2*v + 11213 = -l. Is l a prime number?
True
Let a = 2455 + -1735. Let v = a - 419. Is v a composite number?
True
Let p(n) = 6*n + 33. Let k be p(-5). Suppose -k*w + 5*w - 521 = l, 0 = 5*w - 3*l - 1300. Is w prime?
True
Let d(y) = 1805*y + 3296. Is d(117) a prime number?
True
Suppose 4*i = i + 26*i - 2950877. Is i a prime number?
False
Let c(h) = -7*h - 3. Let o be c(1). Suppose 6*s - 9*s - 42 = 0. Is -1 - o/4 - 11893/s prime?
False
Let y be 8/(-32)*4 + 12319. Suppose 1339*v - 1333*v = y. Is v a composite number?
False
Suppose -4*z = -p + 18, 2*z + 11 = p - 1. Let a be (-2 - -3 - 4) + p. Suppose k - 13 = -a. Is k prime?
False
Suppose -5*z + 451358 = 146*o - 145*o, -1805648 = -4*o + 4*z. Is o a composite number?
True
Let r = 202 - 195. Let u(g) = 26*g**2 - 17*g - 18. Is u(r) a prime number?
False
Let c = -277030 + 610343. Is c a prime number?
False
Let p(u) = 2915*u**2 + 13*u + 56. Let i be p(-7). Is (-8)/4 - i/(-16) a composite number?
False
Let h = -565 - -560. Is (2/h)/(((-24)/18940)/3) a prime number?
True
Is 11 - (-4989655)/66 - (-3)/((-18)/5) a composite number?
False
Let x(r) = -19 - 15*r**2 + 6*r**2 + 7*r**2 + 0*r**2 - 14*r. Let w be x(-5). Is 64/(-32) + -3 + w + 635 prime?
True
Let b(p) = -p - 1. Let y(f) be the third derivative of 101*f**4/4 - 7*f**3/6 + 26*f**2. Let x(u) = -3*b(u) + y(u). Is x(3) composite?
False
Let b(p) = -1022*p - 33. Is b(-5) prime?
True
Let v be (-12)/(-3) - (-36)/9. Suppose o - a = 3*a - 18, -2*o = -a + v. Is ((-1)/4*o)/(26/15132) a prime number?
False
Is (-2)/7 - ((-24030084)/420 + (-1)/(-5)) a prime number?
False
Let s be ((-45)/(-10) - 4)*8. Suppose -z - 12 = -s*z. Suppose -3*h + 5*j = -1424 - 1320, z*h = -2*j + 3650. Is h prime?
False
Suppose 290 = 3*z - 2*v, 3*z + 5*v = 178 + 126. Suppose z = p - 9. Suppose 0 = -8*d + p + 909. Is d composite?
False
Let f(n) = -57*n**2 + 18*n + 11. Let s be f(8). Let r = s - -6026. Is r a prime number?
False
Let f(r) = -4 - r**2 + 0*r - 3 + 6*r + 0. Let k be f(4). Is (-8)/(-12) + k/(-3)*-2821 composite?
False
Let c(n) = 2*n + 2. Let z be c(0). Let u(p) = -8*p - 1 + 10*p + 2*p**z + 5*p. Is u(-12) composite?
True
Let t be ((-21)/12)/((-17)/68) + -2. Suppose t*u - 25 = 0, 2*o = 86*u - 90*u + 7966. Is o prime?
False
Let m(x) = 478*x**2 + 3*x - 2. Let w(b) = b**3 + 8*b**2 - b - 7. Let t be 8/4*1/((-2)/8). Let a be w(t). Is m(a) a composite number?
False
Let j = 2644 - 5590. Let w be (-5 - -2) + 3/((-18)/j). Suppose 5*l = 9*l - w. Is l a composite number?
True
Let x(s) = -2*s + 60. Let i be x(22). Suppose 9*p - i = 5*p. Suppose -a - 738 - 793 = -5*g, 0 = -3*g + p*a + 905. Is g a prime number?
True
Suppose 0 = -18*o + 182 + 88. Is (o/(-6))/((-4)/1304*1) prime?
False
Is (0 + 0 + -55882)/(1088/(-3808)) a prime number?
False
Is (-2)/12*(1 + -9968) + (-14)/84 a composite number?
True
Let h = 747 - 132. Let k be h/(-10)*-1*62. Suppose i = k - 994. Is i composite?
False
Is (-3242334)/(-36) + 44/264 a composite number?
True
Let h(c) = -c**3 + 3617. Let d be 0/(2 + -2 - (-6)/(-2)). Let a be h(d). Suppose -9*q = -a + 1016. Is q composite?
True
Let s(h) = 3*h**2 - 31*h + 1809. Is s(85) composite?
False
Let k(x) = -31998*x + 2759. Is k(-8) a prime number?
True
Suppose -32*p - 2*p = -141950. Let x = p + -1153. Is x a prime number?
False
Let z(h) = -h**3 - 3*h**2 - 6*h - 5. Let r(q) = q**2 - 25*q - 28. Let n be r(26). Let g be z(n). Is (2 - 14/6) + 3778/g a prime number?
True
Suppose -33*t - 3671 = 20815. Let a = t - -4389. Is a composite?
True
Is (346300/75)/((-8)/(-30)) composite?
True
Suppose -10*l + 2779 = -576991. Is l composite?
False
Let s = 342 + -337. Suppose 3*x = 3*f - 25398, s = -3*x + 8. Is f a prime number?
True
Suppose 10*l - 39 = 71. Suppose 0 = 5*f - n - 1775, -l*n = -7*n. Is f a prime number?
False
Let r(d) be the third derivative of d**5/60 + 29*d**4/24 + 9557*d**3/6 - d**2 - 17*d. Is r(0) composite?
True
Let f(i) = 5*i**2 + 47*i - 52. Let t be f(-27). Let s = t + -703. Is s prime?
True
Let r(c) be the first derivative of -3*c**4/4 - 5*c**3 + 4*c**2 + 21*c + 507. Suppose -2*h = -h + 11. Is r(h) composite?
False
Let i(v) = -v**3 - 4*v**2 + 9*v + 3. Let p be i(-6). Suppose 0 = -2170*l + 2191*l - 462. Is (l - p)/(2/22358) a composite number?
True
Suppose 0 = z + 5*w - 15, -5*z = 4*w + 6 - 18. Suppose z = -2*d - 3*q + 1183, 6*q - 6 = 4*q. Is d prime?
True
Let l = 158 + -169. Let f(z) = 601*z**2 + 17*z - 35. Is f(l) prime?
False
Let l(j) = j**3 + 6*j**2 + 8*j - 8. Let m be l(-4). Let h be (-2)/m + (-1545)/(-40)*6. Suppose h + 7277 = 3*s. Is s a composite number?
False
Suppose 2*v = -2*a + 97954, 2*a + 244878 = 43*v - 38*v. Suppose 22*z = 14*z + v. Is z composite?
True
Let f = 14691 - -133738. Is f composite?
False
Let g = -17 + 20. Let h(z) = 43*z**3 + 3*z**2 - 4*z + 4. Let a be h(g). Suppose 0 = -5*l + l + a. Is l a prime number?
False
Suppose 0 = 16*p - 21*p + 24625. Suppose -2*q = 5*m - 2473, -3*m = q + 3*q - p. Is q a prime number?
True
Let n = 448 - 264. Let v(f) = 16*f - 57. Let k be v(23). Let s = k - 